0403
Convert -2136 (base 9) to base 8.
-3044
Convert -33964 (base 10) to base 12.
-177a4
36 (base 12) to base 4
222
Convert 10121010 (base 3) to base 15.
b9c
143046 (base 7) to base 10
27474
1063 (base 7) to base 14
1da
-32b (base 15) to base 4
-23030
What is -10b (base 14) in base 7?
-414
What is -393 (base 14) in base 13?
-432
What is 131320 (base 4) in base 7?
5401
Convert 48154 (base 9) to base 16.
7dce
1250 (base 6) to base 7
633
What is -482 (base 10) in base 15?
-222
-3331 (base 13) to base 8
-15742
Convert 95 (base 10) to base 14.
6b
101100001010 (base 2) to base 7
11145
What is 3756 (base 8) in base 12?
1212
Convert -138d (base 14) to base 2.
-110110000001
What is 384c (base 13) in base 7?
32226
-11300033 (base 4) to base 12
-1177b
1812 (base 9) to base 15
628
Convert 346 (base 10) to base 5.
2341
1202010 (base 3) to base 2
10011111000
What is -5641 (base 12) in base 9?
-14084
Convert d3a (base 14) to base 10.
2600
Convert 49 (base 11) to base 6.
125
Convert 1120 (base 9) to base 7.
2262
Convert 2454 (base 9) to base 14.
94b
1236 (base 9) to base 8
1634
Convert 1130332 (base 5) to base 11.
14624
What is -1927 (base 10) in base 15?
-887
-5005 (base 7) to base 8
-3270
What is 105563 (base 8) in base 13?
13331
-38c3 (base 15) to base 4
-2331030
What is -120 (base 7) in base 8?
-77
-3221010 (base 4) to base 15
-4646
Convert 17a70 (base 11) to base 15.
7730
Convert e7 (base 16) to base 6.
1023
36a (base 11) to base 15
1e4
What is 4586 (base 9) in base 12?
1b73
What is 645 (base 12) in base 5?
12132
Convert 20202120 (base 3) to base 10.
4929
-3b60 (base 12) to base 3
-100101100
Convert -23cb (base 13) to base 15.
-177d
-23 (base 11) to base 5
-100
What is -b36 (base 13) in base 12?
-1128
What is -100100100101110 (base 2) in base 3?
-221200212
What is 4304 (base 6) in base 5?
12401
Convert -132 (base 7) to base 10.
-72
2c (base 15) to base 4
222
What is 1245512 (base 6) in base 12?
33898
-12201010 (base 3) to base 15
-1376
What is 101010010010001 (base 2) in base 6?
244121
Convert 424442 (base 5) to base 10.
14372
6d84 (base 14) to base 11
1340a
What is -1134004 (base 5) in base 16?
-5289
Convert 6953 (base 15) to base 6.
251253
Convert 398 (base 14) to base 10.
722
Convert 623 (base 8) to base 4.
12103
Convert -a4c (base 16) to base 12.
-1638
Convert a99d (base 15) to base 7.
206506
2677 (base 10) to base 6
20221
b091 (base 12) to base 3
222020001
Convert -2769 (base 11) to base 7.
-13310
-1c (base 16) to base 12
-24
What is 108550 (base 9) in base 16?
ff33
What is 28b7 (base 13) in base 10?
5896
12440 (base 6) to base 5
30041
What is -210210211 (base 3) in base 15?
-4a9d
What is 1396 (base 10) in base 7?
4033
What is 11b4 (base 15) in base 6?
25241
Convert -3312021 (base 4) to base 3.
-210121110
What is -484c (base 13) in base 10?
-10204
10000001011 (base 2) to base 12
723
517 (base 9) to base 3
120121
-530 (base 14) to base 13
-608
Convert -88822 (base 9) to base 8.
-163154
Convert 20220011 (base 3) to base 12.
2aaa
Convert -10200323 (base 4) to base 15.
-572b
What is 783 (base 14) in base 7?
4223
What is 23212 (base 5) in base 8?
3222
What is 5517 (base 10) in base 12?
3239
11617 (base 10) to base 5
332432
Convert -11323 (base 6) to base 5.
-23020
Convert 1381 (base 10) to base 2.
10101100101
5d (base 14) to base 5
313
What is -11103 (base 4) in base 14?
-1a3
Convert 10102220 (base 3) to base 16.
9cc
Convert 32318 (base 9) to base 6.
243025
What is -20455 (base 9) in base 6?
-142252
-195 (base 15) to base 16
-16d
What is -17787 (base 13) in base 4?
-23002302
What is -200112200 (base 3) in base 13?
-61cb
Convert 462 (base 7) to base 15.
110
100100111111101 (base 2) to base 8
44775
Convert 45828 (base 10) to base 16.
b304
Convert 10666 (base 9) to base 3.
100202020
75532 (base 8) to base 13
114b1
Convert 133120 (base 4) to base 10.
2008
What is -31a5 (base 12) in base 5?
-133303
-43496 (base 10) to base 12
-21208
What is -24245 (base 6) in base 2?
-110111100101
-1a295 (base 12) to base 15
-b5b2
Convert -1ff (base 16) to base 10.
-511
Convert 542 (base 10) to base 11.
453
What is -2515 (base 6) in base 12?
-43b
Convert -7648 (base 10) to base 6.
-55224
1c35 (base 16) to base 3
100220110
-1221221 (base 3) to base 11
-108a
Convert -402314 (base 5) to base 16.
-3222
Convert -110110100111 (base 2) to base 9.
-4713
What is -2011012 (base 3) in base 4?
-120203
12613 (base 7) to base 11
2603
133100 (base 4) to base 13
bab
What is 30013 (base 6) in base 11?
2a23
147353 (base 8) to base 10
52971
-737 (base 11) to base 8
-1567
What is 1111101001 (base 2) in base 3?
1101002
What is -17372 (base 9) in base 16?
-2ec4
-1668 (base 12) to base 15
-bd2
Convert -250 (base 8) to base 13.
-cc
Convert -3ca4 (base 15) to base 9.
-18721
-516 (base 11) to base 5
-4442
Convert 1013024 (base 6) to base 5.
3023431
Convert -584 (base 16) to base 12.
-998
-551 (base 7) to base 9
-342
What is -34 (base 13) in base 6?
-111
Convert 111201011 (base 3) to base 14.
38dc
10101101111 (base 2) to base 8
2557
-a0a (base 16) to base 15
-b65
What is -1b59 (base 13) in base 14?
-1710
-101431 (base 6) to base 2
-1111111011011
Convert 1103 (base 12) to base 15.
850
What is 10222201 (base 3) in base 10?
2908
6150 (base 13) to base 9
20356
What is 110414 (base 5) in base 8?
7423
Convert -310 (base 7) to base 11.
-130
Convert -4fc (base 16) to base 5.
-20101
-48586 (base 10) to base 12
-2414a
23001 (base 5) to base 6
11310
23694 (base 11) to base 6
421520
What is -12ae (base 16) in base 10?
-4782
-82b4 (base 12) to base 16
-37a8
Convert 1011111101000 (base 2) to base 11.
4664
Convert 240044 (base 5) to base 7.
34403
Convert -2304342 (base 5) to base 14.
-11046
What is -1664 (base 13) in base 4?
-303131
What is 196 (base 13) in base 14?
16c
-2212002 (base 4) to base 3
-112120120
What is 122311 (base 4) in base 9?
2317
-112424 (base 5) to base 7
-14665
Convert -335 (base 6) to base 10.
-131
What is 2bc (base 13) in base 9?
607
Convert 210201 (base 5) to base 2.
1101100001110
-1b2b (base 14) to base 12
-2a37
-a (base 16) to base 6
-14
-721 (base 8) to base 4
-13101
430024 (base 6) to base 9
53017
-10602 (base 7) to base 16
-a89
What is -9fa4 (base 16) in base 12?
-1b798
304 (base 14) to base 9
727
2861 (base 12) to base 2
1001001001001
16518 (base 9) to base 6
124325
2759 (base 10) to base 5
42014
What is -4524 (base 13) in base 2?
-10010110111111
Convert 5d1d (base 16) to base 2.
101110100011101
Convert -94 (base 12) to base 15.
-77
-35b (base 13) to base 16
-247
Convert -1122144 (base 5) to base 10.
-20299
-212202111 (base 3) to base 5
-1023240
What is 99b (base 12) in base 9?
1842
111102 (base 3) to base 4
11222
Convert 11002 (base 5) to base 11.
624
c937 (base 15) to base 12
20781
-2245 (base 6) to base 5
-4113
-4548 (base 13) to base 12
-5739
Convert -89a (base 12) to base 14.
-66a
Convert -122012 (base 3) to base 10.
-464
Convert b0ac (base 14) to base 2.
111011010000000
Convert 105 (base 13) to base 10.
174
3483 (base 9) to base 2
101000011010
Convert -72 (base 15) to base 10.
-107
-6773 (base 9) to base 8
-11617
Convert 1101011000 (base 2) to base 11.
709
-1c5 (base 16) to base 3
-121210
14626 (base 7) to base 4
333313
Convert 12656 (base 10) to base 16.
3170
What is -3662 (base 9) in base 14?
-dcd
What is -301031 (base 7) in base 16?
-c662
1c (base 16) to base 7
40
Convert 1a26 (base 12) to base 13.
15c0
What is -21314 (base 6) in base 8?
-5556
Convert -200200120 (base 3) to base 9.
-20616
Convert -22023201 (base 4) to base 15.
-c54c
Convert -455 (base 9) to base 11.
-310
What is -111210002 (base 3) in base 7?
-41201
Convert 1179 (base 11) to base 4.
120002
251 (base 14) to base 11
391
131026 (base 7) to base 14
8c4d
Convert 111100 (base 2) to base 5.
220
-64b (base 15) to base 14
-737
25021 (base 11) to base 9
54285
What is 7398 (base 12) in base 2?
11000101100100
Convert 5646 (base 9) to base 8.
10115
-111423 (base 5) to base 10
-3988
16127 (base 8) to base 6
53331
What is 175 (base 12) in base 8?
351
5a2 (base 15) to base 14
673
Convert -32310 (base 4) to base 14.
-4ba
Convert -93a (base 11) to base 6.
-5124
What is -4205 (base 8) in base 10?
-2181
-188 (base 10) to base 5
-1223
Convert 14122 (base 6) to base 11.
172a
-5667 (base 10) to base 13
-276c
-34a7 (base 14) to bas